2, what is -b7b37 + -16?
-b7b51
In base 13, what is -11 + 11c23?
11c12
In base 8, what is 2350 - 634506?
-632136
In base 15, what is -10d2d - -31c?
-10a11
In base 8, what is -72577 - 274?
-73073
In base 6, what is 101023 + -25212?
31411
In base 14, what is 2494d71 - -1?
2494d72
In base 14, what is 242 - -4293b?
42b7d
In base 15, what is c6ab - -a9a?
d256
In base 10, what is 67830 + 2772?
70602
In base 8, what is 0 - -247117660?
247117660
In base 10, what is 14519577 - 2?
14519575
In base 8, what is 510 - 123237?
-122527
In base 16, what is -4d8f7d - 1?
-4d8f7e
In base 9, what is -3 - 11784205?
-11784208
In base 2, what is -100111000010101001 - 101011?
-100111000011010100
In base 8, what is -2 - -40422171?
40422167
In base 2, what is 11 + -101111000111111101100?
-101111000111111101001
In base 5, what is -24341010224 + -3?
-24341010232
In base 14, what is -70 - -246966?
2468d6
In base 15, what is 76b02 + 4?
76b06
In base 12, what is -2 + 17b3822?
17b3820
In base 11, what is -4 - -14952638?
14952634
In base 12, what is 1 + -333042?
-333041
In base 9, what is -337 + 524477?
524140
In base 4, what is 10203 - 202012203?
-202002000
In base 14, what is -72221c0 - 9?
-72221c9
In base 15, what is -2d2b + -8bc?
-36e8
In base 10, what is -453081 - 88?
-453169
In base 10, what is -2400 - -58834?
56434
In base 4, what is 2301230 - 30200221?
-21232331
In base 2, what is -1001000111100111100 - 11011000011?
-1001001010111111111
In base 15, what is 11c5398d + -2?
11c5398b
In base 11, what is -286a481 - -9?
-286a473
In base 12, what is 605 - -731b?
7924
In base 8, what is 3507 - 11635?
-6126
In base 13, what is 18a - 5a2801?
-5a2644
In base 11, what is -1 + 3193939?
3193938
In base 6, what is 102024 - -2413?
104441
In base 5, what is 11024 + 23230423?
23242002
In base 14, what is 144 + 2227?
236b
In base 3, what is 1211 + -111001?
-102020
In base 5, what is -11 - 11414211221?
-11414211232
In base 5, what is 1 + 22212310320?
22212310321
In base 15, what is 808 - d2da?
-c9d2
In base 14, what is 19a + 45532?
456cc
In base 13, what is 142 + 34384?
344c6
In base 7, what is 36464014 - -6?
36464023
In base 16, what is -1 - -1c3f335?
1c3f334
In base 14, what is -2407 - -2374?
-73
In base 7, what is 3 - 14226444?
-14226441
In base 4, what is -1212123 - 1203?
-1213332
In base 7, what is -564040355 - 0?
-564040355
In base 4, what is -11 + -22313120300201?
-22313120300212
In base 10, what is -2 + -79046032?
-79046034
In base 11, what is 50 - 277986?
-277936
In base 10, what is 548 - 43958?
-43410
In base 14, what is 17c4 + -398a9?
-380c5
In base 3, what is -120120002 + -1022200101?
-1220020110
In base 13, what is b + -128393?
-128385
In base 3, what is 2120101 - 12202111100?
-12122220222
In base 12, what is 917233 + -2?
917231
In base 3, what is -11022122010 + 1011?
-11022120222
In base 2, what is -10000011111010100011101 - 101?
-10000011111010100100010
In base 15, what is 1 + 15b6d1?
15b6d2
In base 7, what is -200 - 1005532?
-1006032
In base 13, what is -4 + -15c73262?
-15c73266
In base 8, what is 13 + -76753511?
-76753476
In base 2, what is 1001000 - 111111100011101001101?
-111111100011100000101
In base 12, what is 617547a + -2?
6175478
In base 8, what is -4 - -2340433?
2340427
In base 2, what is -10101100111000 + -1011100100?
-10111000011100
In base 5, what is -1103113302 - 123?
-1103113430
In base 7, what is -156521 - 3234?
-163055
In base 11, what is 649a + -12501?
-7012
In base 13, what is -21c0 + -2275?
-4465
In base 13, what is 50107 + 241?
50348
In base 15, what is 508eaae + -4?
508eaaa
In base 14, what is 168d1a2 + -8?
168d198
In base 12, what is -2 + 170b4a5?
170b4a3
In base 3, what is 12021012222 - -1202201?
12022222200
In base 5, what is 141341 + 1100303?
1242144
In base 12, what is 1812a2 - -9a?
181380
In base 5, what is 143321024 - 42?
143320432
In base 4, what is 0 + -133120100333?
-133120100333
In base 3, what is 1022020101022 - 220?
1022020100102
In base 2, what is -100100 + 1010110111000110011?
1010110111000001111
In base 8, what is 1724 - -20021?
21745
In base 4, what is 11 - 32221101213?
-32221101202
In base 8, what is -22115726 + -3?
-22115731
In base 13, what is -637a09 - 2?
-637a0b
In base 12, what is 362 + 12b03?
13265
In base 13, what is 0 - 272c179?
-272c179
In base 14, what is 17 + 535858?
535871
In base 4, what is -13100311220321 + 3?
-13100311220312
In base 16, what is -471 - 19db?
-1e4c
In base 9, what is -1 + 5552081?
5552080
In base 9, what is 562 - -2764?
3436
In base 5, what is -1324231 - 1412?
-1331143
In base 3, what is -1002021210100202 + 11?
-1002021210100121
In base 6, what is -4034 - -45400402?
45352324
In base 11, what is 199358757 - -3?
19935875a
In base 16, what is -3 + 1ee0a?
1ee07
In base 13, what is 488 + 6a36?
71c1
In base 4, what is 211013 - -12021200?
12232213
In base 10, what is -138 - 80782?
-80920
In base 2, what is 110010 + -1111101101100101?
-1111101100110011
In base 9, what is -11136621 + 61?
-11136550
In base 4, what is -11100103 + -2211?
-11102320
In base 5, what is 233033320 - -121?
233033441
In base 4, what is -1001 - 1131330312?
-1131331313
In base 16, what is -5 + d8be8c?
d8be87
In base 16, what is 46fcdb - -c?
46fce7
In base 4, what is -102300220 + -220330?
-103121210
In base 2, what is -10111001000 + -11011111000011?
-11110110001011
In base 2, what is 1111 + 1100111011101111111010?
1100111011110000001001
In base 10, what is 6 + 22338600?
22338606
In base 16, what is 0 - -103b09?
103b09
In base 13, what is 5829556 - -5?
582955b
In base 4, what is -32333302 - 10322?
-33010230
In base 6, what is -5041000 - -351?
-5040205
In base 9, what is 213388 - -325?
213724
In base 6, what is 33424014315 + 4?
33424014323
In base 8, what is 35 - -17376672?
17376727
In base 5, what is 220212 + -142?
220020
In base 11, what is 1 + 18a1a48?
18a1a49
In base 11, what is -8894403 + -3?
-8894406
In base 3, what is 1 + -11110020200110?
-11110020200102
In base 10, what is 38949206 - -1?
38949207
In base 9, what is -28 - 2354317?
-2354346
In base 9, what is 31 + -5815375?
-5815344
In base 4, what is 13001323013 - 2?
13001323011
In base 16, what is 3 + -299a41?
-299a3e
In base 11, what is -10314008 - 0?
-10314008
In base 16, what is 4fa9 - 53e?
4a6b
In base 15, what is -69e72 + -2b?
-69e9d
In base 4, what is 312002100113 - 10?
312002100103
In base 5, what is -4130322 + -2?
-4130324
In base 14, what is -228 + -1a1b?
-1c45
In base 10, what is 23912104 - -2?
23912106
In base 5, what is -134120 + -4302?
-143422
In base 8, what is -5 - -1467333?
1467326
In base 7, what is -6663446 - -313?
-6663133
In base 8, what is 371 + -2732435?
-2732044
In base 2, what is 11000001001111000111111 - 1101?
11000001001111000110010
In base 11, what is -a4755 + 1a?
-a4736
In base 9, what is -3842157 - -7?
-3842150
In base 5, what is 1 + -143103342023?
-143103342022
In base 4, what is 3 + 123312132121?
123312132130
In base 9, what is 84235477 + 4?
84235482
In base 13, what is a84c0 + 1b5?
a86a5
In base 10, what is 50 - -1929466?
1929516
In base 9, what is -6042 + -4234?
-11276
In base 13, what is 9 - -b91c738?
b91c744
In base 16, what is -3b3 + -2ef5b?
-2f30e
In base 4, what is 203 - -12020121323?
12020122132
In base 14, what is -3 + 4a4186?
4a4183
In base 15, what is -18ec3 - -d3c?
-18186
In base 11, what is 670 + -7422?
-6862
In base 12, what is 9 - 80a288?
-80a27b
In base 9, what is -1773 + 33017?
31134
In base 16, what is -6ad95 - -1b9?
-6abdc
In base 3, what is 12000111 - 11201210001?
-11112202120
In base 2, what is 0 - -1100011111000010010111?
1100011111000010010111
In base 7, what is 2626661 + 22?
2630013
In base 4, what is 3 + -2212102213303?
-2212102213300
In base 16, what is 2b341 - 67e?
2acc3
In base 10, what is -1 - 83380122?
-83380123
In base 4, what is 1 + 20113303213?
20113303220
In base 7, what is 32 + 2212141?
2212203
In base 6, what is -15220045 + 2213?
-15213432
In base 14, what is -4bb2d + -16a0?
-4d3cd
In base 14, what is -7 - -154053?
15404a
In base 10, what is -16291813 - -1?
-16291812
In base 4, what is -303331 + -330013?
-1300010
In base 10, what is -35 - -3895234?
3895199
In base 15, what is -2 + -102cc757?
-102cc759
In base 8, what is 16630 - -37?
16667
In base 13, what is 5b5c1 + 89?
5b67a
In base 4, what is 102203020 + 211?
10220